{"id":12,"date":"2025-07-05T16:38:47","date_gmt":"2025-07-05T16:38:47","guid":{"rendered":"http:\/\/www.chateaudecombret.fr\/?page_id=12"},"modified":"2026-02-21T20:55:57","modified_gmt":"2026-02-21T18:55:57","slug":"accueil","status":"publish","type":"page","link":"https:\/\/www.chateaudecombret.fr\/","title":{"rendered":"Quelques mots"},"content":{"rendered":"\n<p class=\"has-small-font-size\">Combret est <em>\u00ab\u00a0<strong>un t\u00e9moin pr\u00e9cieux et pr\u00e9serv\u00e9 de l\u2019\u00e9volution de l\u2019architecture seigneuriale de la fin du XIII<sup>\u00e8me<\/sup>&nbsp;\u00e0 la fin du XIX<sup>\u00e8me&nbsp;<\/sup>si\u00e8cle<\/strong><\/em>\u00a0\u00bb repr\u00e9sentatif de l&rsquo;\u00e9volution des b\u00e2tisses d\u2019un usage initialement strictement militaire dont il garde encore des \u00e9l\u00e9ments vers une maison de simple agr\u00e9ment qu&rsquo;il est aujourd&rsquo;hui.<\/p>\n\n\n\n<p class=\"has-small-font-size\">Une coseigneurie est mentionn\u00e9e \u00e0 Combret, \u00e0 la fin du XIII<em><sup>\u00e8me<\/sup><\/em> si\u00e8cle ; la tour et les vestiges d&rsquo;une baie en plein-cintre g\u00e9min\u00e9e de la fa\u00e7ade ouest, datables de la fin du XIII<em><sup>\u00e8me<\/sup><\/em> ou du d\u00e9but du XIV<em><sup>\u00e8me<\/sup><\/em> si\u00e8cle, appartiennent aux parties les plus anciennes du ch\u00e2teau qui se composait probablement d\u00e8s l\u2019origine d&rsquo;un donjon et d\u2019un logis en retour d\u2019\u00e9querre.<\/p>\n\n\n\n<p class=\"has-small-font-size\">Le ch\u00e2teau m\u00e9di\u00e9val a \u00e9t\u00e9 transform\u00e9 et agrandi par les propri\u00e9taires successifs : <\/p>\n\n\n\n<p class=\"has-small-font-size\">&gt; <strong><b>Hugues I<\/b><em><sup><b>er<\/b><\/sup><\/em> de Caulet<\/strong>, tr\u00e9sorier des domaines du Roi en Rouergue, l\u2019acquiert vers 1567 \u00e0 l\u2019or\u00e9e des Guerres de Religion et fait r\u00e9aliser des travaux : percement de crois\u00e9es et de demi-crois\u00e9es, construction d\u2019une tourelle d\u2019escalier adoss\u00e9e au donjon.<\/p>\n\n\n\n<p class=\"has-small-font-size\">&gt; <strong>Jean de Tullier<\/strong>, bailli de Rodez et tr\u00e9sorier g\u00e9n\u00e9ral des finances de Montauban et son \u00e9pouse Madeleine de Maynard, propri\u00e9taires \u00e0 partir de f\u00e9vrier 1641, am\u00e9nagent notamment une terrasse au pied de la fa\u00e7ade nord.<\/p>\n\n\n\n<p class=\"has-small-font-size\">&gt; <strong>Jean-Hilarion de Viguier de Grun<\/strong> (1722-1809), Gouverneur des Pages \u00e0 la Grande \u00c9curie du Roi, s\u2019en rend propri\u00e9taire en 1779 et fait percer des baies au 2<em><sup>\u00e8me<\/sup><\/em> \u00e9tage \u00e0 la fin du XVIII<em><sup>\u00e8me<\/sup><\/em> ou au d\u00e9but du XIX<em><sup>\u00e8me<\/sup><\/em> si\u00e8cle. En 1810, le ch\u00e2teau passe par mariage \u00e0 la famille d\u2019Yzarn de Freissinet de Valady.<\/p>\n\n\n\n<p class=\"has-small-font-size\">&gt; <strong>Christian de Valady<\/strong> (1868-1935), auteur de l\u2019\u00ab&nbsp;<strong>Histoire des ch\u00e2teaux de l\u2019ancien Rouergue<\/strong>&nbsp;\u00bb, r\u00e9alise des restaurations \u00e0 partir de 1889 et modifie la distribution int\u00e9rieure.<\/p>\n\n\n\n<p class=\"has-small-font-size\">Le ch\u00e2teau s&rsquo;est depuis progressivement et fortement d\u00e9grad\u00e9 :<\/p>\n\n\n\n<p class=\"has-small-font-size\">&gt; <strong>\u00c9croulement<\/strong> de la terrasse XVII<sup>\u00e8me<\/sup><\/p>\n\n\n\n<p class=\"has-small-font-size\">&gt; <strong>D\u00e9solidarisation<\/strong> progressive du donjon XIII<sup>\u00e8me<\/sup>&nbsp;et de la tour escalier XVI<sup>\u00e8me<\/sup><\/p>\n\n\n\n<p class=\"has-small-font-size\">&gt; <strong>Ruine<\/strong> des huisseries nuisant \u00e0 l\u2019\u00e9tanch\u00e9it\u00e9 et la pr\u00e9servation du b\u00e2ti<\/p>\n\n\n\n<p class=\"has-small-font-size\">Pour que le ch\u00e2teau puisse traverser le XXI<sup>\u00e8me<\/sup>&nbsp;si\u00e8cle il devenait urgent que des restaurations majeures soient r\u00e9alis\u00e9es ; elles ont d\u00e9but\u00e9 en 2024 et devraient durer jusqu&rsquo;en 2035.<\/p>\n\n\n\n<p><strong> Le ch\u00e2teau a \u00e9t\u00e9 inscrit aux Monuments historiques le 14 d\u00e9cembre 2021.<\/strong><\/p>\n\n\n<div class=\"wp-block-image\">\n<figure class=\"aligncenter size-large\"><a href=\"https:\/\/pop.culture.gouv.fr\/notice\/merimee\/PA12000078\" target=\"_blank\" rel=\" noreferrer noopener\"><img loading=\"lazy\" decoding=\"async\" width=\"1024\" height=\"203\" src=\"https:\/\/www.chateaudecombret.fr\/wp-content\/uploads\/2026\/02\/bandeau_logo_MH-1024x203.jpg\" alt=\"\" class=\"wp-image-612\" srcset=\"https:\/\/www.chateaudecombret.fr\/wp-content\/uploads\/2026\/02\/bandeau_logo_MH-1024x203.jpg 1024w, https:\/\/www.chateaudecombret.fr\/wp-content\/uploads\/2026\/02\/bandeau_logo_MH-300x59.jpg 300w, https:\/\/www.chateaudecombret.fr\/wp-content\/uploads\/2026\/02\/bandeau_logo_MH-768x152.jpg 768w, https:\/\/www.chateaudecombret.fr\/wp-content\/uploads\/2026\/02\/bandeau_logo_MH-1536x305.jpg 1536w, https:\/\/www.chateaudecombret.fr\/wp-content\/uploads\/2026\/02\/bandeau_logo_MH-2048x406.jpg 2048w\" sizes=\"auto, (max-width: 767px) 89vw, (max-width: 1000px) 54vw, (max-width: 1071px) 543px, 580px\" \/><\/a><\/figure>\n<\/div>\n\n\n<p>Un programme de restauration a \u00e9t\u00e9 lanc\u00e9 en 2024 qui re\u00e7oit le soutien financier de la <strong>DRAC Occitanie<\/strong>, de la <strong>R\u00e9gion Occitanie<\/strong> et du <strong>D\u00e9partement de l&rsquo;Aveyron<\/strong>.<\/p>\n\n\n\n<figure class=\"wp-block-image size-large\"><img loading=\"lazy\" decoding=\"async\" width=\"1024\" height=\"162\" src=\"https:\/\/www.chateaudecombret.fr\/wp-content\/uploads\/2026\/02\/bandeau_logos_aveyron_blanc_4-1024x162.jpg\" alt=\"\" class=\"wp-image-615\" srcset=\"https:\/\/www.chateaudecombret.fr\/wp-content\/uploads\/2026\/02\/bandeau_logos_aveyron_blanc_4-1024x162.jpg 1024w, https:\/\/www.chateaudecombret.fr\/wp-content\/uploads\/2026\/02\/bandeau_logos_aveyron_blanc_4-300x47.jpg 300w, https:\/\/www.chateaudecombret.fr\/wp-content\/uploads\/2026\/02\/bandeau_logos_aveyron_blanc_4-768x121.jpg 768w, https:\/\/www.chateaudecombret.fr\/wp-content\/uploads\/2026\/02\/bandeau_logos_aveyron_blanc_4-1536x243.jpg 1536w, https:\/\/www.chateaudecombret.fr\/wp-content\/uploads\/2026\/02\/bandeau_logos_aveyron_blanc_4-2048x324.jpg 2048w\" sizes=\"auto, (max-width: 767px) 89vw, (max-width: 1000px) 54vw, (max-width: 1071px) 543px, 580px\" \/><\/figure>\n","protected":false},"excerpt":{"rendered":"<p>Combret est \u00ab\u00a0un t\u00e9moin pr\u00e9cieux et pr\u00e9serv\u00e9 de l\u2019\u00e9volution de l\u2019architecture seigneuriale de la fin du XIII\u00e8me&nbsp;\u00e0 la fin du XIX\u00e8me&nbsp;si\u00e8cle\u00a0\u00bb repr\u00e9sentatif de l&rsquo;\u00e9volution des b\u00e2tisses d\u2019un usage initialement strictement militaire dont il garde encore des \u00e9l\u00e9ments vers une maison de simple agr\u00e9ment qu&rsquo;il est aujourd&rsquo;hui. Une coseigneurie est mentionn\u00e9e \u00e0 Combret, \u00e0 la fin &hellip; <\/p>\n<p class=\"link-more\"><a href=\"https:\/\/www.chateaudecombret.fr\/\" class=\"more-link\">Continuer la lecture<span class=\"screen-reader-text\"> de &laquo;&nbsp;Quelques mots&nbsp;&raquo;<\/span><\/a><\/p>\n","protected":false},"author":1,"featured_media":0,"parent":0,"menu_order":1,"comment_status":"closed","ping_status":"closed","template":"","meta":{"footnotes":""},"class_list":["post-12","page","type-page","status-publish","hentry"],"_links":{"self":[{"href":"https:\/\/www.chateaudecombret.fr\/index.php\/wp-json\/wp\/v2\/pages\/12","targetHints":{"allow":["GET"]}}],"collection":[{"href":"https:\/\/www.chateaudecombret.fr\/index.php\/wp-json\/wp\/v2\/pages"}],"about":[{"href":"https:\/\/www.chateaudecombret.fr\/index.php\/wp-json\/wp\/v2\/types\/page"}],"author":[{"embeddable":true,"href":"https:\/\/www.chateaudecombret.fr\/index.php\/wp-json\/wp\/v2\/users\/1"}],"replies":[{"embeddable":true,"href":"https:\/\/www.chateaudecombret.fr\/index.php\/wp-json\/wp\/v2\/comments?post=12"}],"version-history":[{"count":30,"href":"https:\/\/www.chateaudecombret.fr\/index.php\/wp-json\/wp\/v2\/pages\/12\/revisions"}],"predecessor-version":[{"id":616,"href":"https:\/\/www.chateaudecombret.fr\/index.php\/wp-json\/wp\/v2\/pages\/12\/revisions\/616"}],"wp:attachment":[{"href":"https:\/\/www.chateaudecombret.fr\/index.php\/wp-json\/wp\/v2\/media?parent=12"}],"curies":[{"name":"wp","href":"https:\/\/api.w.org\/{rel}","templated":true}]}}

<p class="has-small-font-size">Combret est <em>« <strong>un témoin précieux et préservé de l’évolution de l’architecture seigneuriale de la fin du XIII<sup>ème</sup>&nbsp;à la fin du XIX<sup>ème&nbsp;</sup>siècle</strong></em> » représentatif de l&rsquo;évolution des bâtisses d’un usage initialement strictement militaire dont il garde encore des éléments vers une maison de simple agrément qu&rsquo;il est aujourd&rsquo;hui.</p>



<p class="has-small-font-size">Une coseigneurie est mentionnée à Combret, à la fin du XIII<em><sup>ème</sup></em> siècle ; la tour et les vestiges d&rsquo;une baie en plein-cintre géminée de la façade ouest, datables de la fin du XIII<em><sup>ème</sup></em> ou du début du XIV<em><sup>ème</sup></em> siècle, appartiennent aux parties les plus anciennes du château qui se composait probablement dès l’origine d&rsquo;un donjon et d’un logis en retour d’équerre.</p>



<p class="has-small-font-size">Le château médiéval a été transformé et agrandi par les propriétaires successifs : </p>



<p class="has-small-font-size">&gt; <strong><b>Hugues I</b><em><sup><b>er</b></sup></em> de Caulet</strong>, trésorier des domaines du Roi en Rouergue, l’acquiert vers 1567 à l’orée des Guerres de Religion et fait réaliser des travaux : percement de croisées et de demi-croisées, construction d’une tourelle d’escalier adossée au donjon.</p>



<p class="has-small-font-size">&gt; <strong>Jean de Tullier</strong>, bailli de Rodez et trésorier général des finances de Montauban et son épouse Madeleine de Maynard, propriétaires à partir de février 1641, aménagent notamment une terrasse au pied de la façade nord.</p>



<p class="has-small-font-size">&gt; <strong>Jean-Hilarion de Viguier de Grun</strong> (1722-1809), Gouverneur des Pages à la Grande Écurie du Roi, s’en rend propriétaire en 1779 et fait percer des baies au 2<em><sup>ème</sup></em> étage à la fin du XVIII<em><sup>ème</sup></em> ou au début du XIX<em><sup>ème</sup></em> siècle. En 1810, le château passe par mariage à la famille d’Yzarn de Freissinet de Valady.</p>



<p class="has-small-font-size">&gt; <strong>Christian de Valady</strong> (1868-1935), auteur de l’«&nbsp;<strong>Histoire des châteaux de l’ancien Rouergue</strong>&nbsp;», réalise des restaurations à partir de 1889 et modifie la distribution intérieure.</p>



<p class="has-small-font-size">Le château s&rsquo;est depuis progressivement et fortement dégradé :</p>



<p class="has-small-font-size">&gt; <strong>Écroulement</strong> de la terrasse XVII<sup>ème</sup></p>



<p class="has-small-font-size">&gt; <strong>Désolidarisation</strong> progressive du donjon XIII<sup>ème</sup>&nbsp;et de la tour escalier XVI<sup>ème</sup></p>



<p class="has-small-font-size">&gt; <strong>Ruine</strong> des huisseries nuisant à l’étanchéité et la préservation du bâti</p>



<p class="has-small-font-size">Pour que le château puisse traverser le XXI<sup>ème</sup>&nbsp;siècle il devenait urgent que des restaurations majeures soient réalisées ; elles ont débuté en 2024 et devraient durer jusqu&rsquo;en 2035.</p>



<p><strong> Le château a été inscrit aux Monuments historiques le 14 décembre 2021.</strong></p>


<div class="wp-block-image">
<figure class="aligncenter size-large"><a href="https://pop.culture.gouv.fr/notice/merimee/PA12000078" target="_blank" rel=" noreferrer noopener"><img loading="lazy" decoding="async" width="1024" height="203" src="https://www.chateaudecombret.fr/wp-content/uploads/2026/02/bandeau_logo_MH-1024x203.jpg" alt="" class="wp-image-612" srcset="https://www.chateaudecombret.fr/wp-content/uploads/2026/02/bandeau_logo_MH-1024x203.jpg 1024w, https://www.chateaudecombret.fr/wp-content/uploads/2026/02/bandeau_logo_MH-300x59.jpg 300w, https://www.chateaudecombret.fr/wp-content/uploads/2026/02/bandeau_logo_MH-768x152.jpg 768w, https://www.chateaudecombret.fr/wp-content/uploads/2026/02/bandeau_logo_MH-1536x305.jpg 1536w, https://www.chateaudecombret.fr/wp-content/uploads/2026/02/bandeau_logo_MH-2048x406.jpg 2048w" sizes="auto, (max-width: 767px) 89vw, (max-width: 1000px) 54vw, (max-width: 1071px) 543px, 580px" /></a></figure>
</div>


<p>Un programme de restauration a été lancé en 2024 qui reçoit le soutien financier de la <strong>DRAC Occitanie</strong>, de la <strong>Région Occitanie</strong> et du <strong>Département de l&rsquo;Aveyron</strong>.</p>



<figure class="wp-block-image size-large"><img loading="lazy" decoding="async" width="1024" height="162" src="https://www.chateaudecombret.fr/wp-content/uploads/2026/02/bandeau_logos_aveyron_blanc_4-1024x162.jpg" alt="" class="wp-image-615" srcset="https://www.chateaudecombret.fr/wp-content/uploads/2026/02/bandeau_logos_aveyron_blanc_4-1024x162.jpg 1024w, https://www.chateaudecombret.fr/wp-content/uploads/2026/02/bandeau_logos_aveyron_blanc_4-300x47.jpg 300w, https://www.chateaudecombret.fr/wp-content/uploads/2026/02/bandeau_logos_aveyron_blanc_4-768x121.jpg 768w, https://www.chateaudecombret.fr/wp-content/uploads/2026/02/bandeau_logos_aveyron_blanc_4-1536x243.jpg 1536w, https://www.chateaudecombret.fr/wp-content/uploads/2026/02/bandeau_logos_aveyron_blanc_4-2048x324.jpg 2048w" sizes="auto, (max-width: 767px) 89vw, (max-width: 1000px) 54vw, (max-width: 1071px) 543px, 580px" /></figure>

<p>Combret est « un témoin précieux et préservé de l’évolution de l’architecture seigneuriale de la fin du XIIIème&nbsp;à la fin du XIXème&nbsp;siècle » représentatif de l&rsquo;évolution des bâtisses d’un usage initialement strictement militaire dont il garde encore des éléments vers une maison de simple agrément qu&rsquo;il est aujourd&rsquo;hui. Une coseigneurie est mentionnée à Combret, à la fin &hellip; </p>
<p class="link-more"><a href="https://www.chateaudecombret.fr/" class="more-link">Continuer la lecture<span class="screen-reader-text"> de &laquo;&nbsp;Quelques mots&nbsp;&raquo;</span></a></p>
