{"id":145,"date":"2025-08-05T19:31:19","date_gmt":"2025-08-05T17:31:19","guid":{"rendered":"http:\/\/www.chateaudecombret.fr\/?page_id=145"},"modified":"2025-08-30T12:11:10","modified_gmt":"2025-08-30T10:11:10","slug":"morceaux-choisis","status":"publish","type":"page","link":"https:\/\/www.chateaudecombret.fr\/index.php\/morceaux-choisis\/","title":{"rendered":"Pierres et lauzes"},"content":{"rendered":"\n<p>Combret garde des signes des \u00e9volutions et embellissements successifs :<\/p>\n\n\n\n<p>&#8211; Corps de logis et donjon \u00e9rig\u00e9s au XIII\u00e8me si\u00e8cle<\/p>\n\n\n\n<p>&#8211; Ouverture de crois\u00e9es [et demi crois\u00e9es] fin XVI\u00e8me si\u00e8cle par Hugues de Caulet<\/p>\n\n\n\n<p>&#8211; Construction d\u2019une terrasse au XVII\u00e8me si\u00e8cle par Jean de Tullier et son \u00e9pouse Madeleine de Maynard [\u00ab&nbsp;<em>Main sur un soleil ardent<\/em>&nbsp;\u00bb] sur laquelle figure leurs armoiries<\/p>\n\n\n\n<p>&#8211; Rehaussement des \u00e9chauguettes dans la deuxi\u00e8me moiti\u00e9 du XIX\u00e8me si\u00e8cle<\/p>\n\n\n\n<figure class=\"wp-block-gallery has-nested-images columns-default is-cropped wp-block-gallery-1 is-layout-flex wp-block-gallery-is-layout-flex\">\n<figure class=\"wp-block-image size-large\"><img loading=\"lazy\" decoding=\"async\" width=\"768\" height=\"1024\" data-id=\"147\" src=\"https:\/\/www.chateaudecombret.fr\/wp-content\/uploads\/2025\/08\/IMG_7857-768x1024.jpeg\" alt=\"T\u00eate de b\u00e9lier sous la trompe de l\u2019echauguette Sud\" class=\"wp-image-147\" srcset=\"https:\/\/www.chateaudecombret.fr\/wp-content\/uploads\/2025\/08\/IMG_7857-768x1024.jpeg 768w, https:\/\/www.chateaudecombret.fr\/wp-content\/uploads\/2025\/08\/IMG_7857-225x300.jpeg 225w, https:\/\/www.chateaudecombret.fr\/wp-content\/uploads\/2025\/08\/IMG_7857-1152x1536.jpeg 1152w, https:\/\/www.chateaudecombret.fr\/wp-content\/uploads\/2025\/08\/IMG_7857-1536x2048.jpeg 1536w, https:\/\/www.chateaudecombret.fr\/wp-content\/uploads\/2025\/08\/IMG_7857-scaled.jpeg 1920w\" sizes=\"auto, (max-width: 767px) 89vw, (max-width: 1000px) 54vw, (max-width: 1071px) 543px, 580px\" \/><figcaption class=\"wp-element-caption\">T\u00eate de b\u00e9lier sous la trompe d\u2019une \u00e9chauguette<\/figcaption><\/figure>\n\n\n\n<figure class=\"wp-block-image size-large\"><img loading=\"lazy\" decoding=\"async\" width=\"1024\" height=\"1024\" data-id=\"327\" src=\"https:\/\/www.chateaudecombret.fr\/wp-content\/uploads\/2025\/08\/Combret_arche_romane-1024x1024.jpg\" alt=\"\" class=\"wp-image-327\" srcset=\"https:\/\/www.chateaudecombret.fr\/wp-content\/uploads\/2025\/08\/Combret_arche_romane-1024x1024.jpg 1024w, https:\/\/www.chateaudecombret.fr\/wp-content\/uploads\/2025\/08\/Combret_arche_romane-300x300.jpg 300w, https:\/\/www.chateaudecombret.fr\/wp-content\/uploads\/2025\/08\/Combret_arche_romane-150x150.jpg 150w, https:\/\/www.chateaudecombret.fr\/wp-content\/uploads\/2025\/08\/Combret_arche_romane-768x768.jpg 768w, https:\/\/www.chateaudecombret.fr\/wp-content\/uploads\/2025\/08\/Combret_arche_romane-1536x1536.jpg 1536w, https:\/\/www.chateaudecombret.fr\/wp-content\/uploads\/2025\/08\/Combret_arche_romane-2048x2048.jpg 2048w, https:\/\/www.chateaudecombret.fr\/wp-content\/uploads\/2025\/08\/Combret_arche_romane-100x100.jpg 100w\" sizes=\"auto, (max-width: 767px) 89vw, (max-width: 1000px) 54vw, (max-width: 1071px) 543px, 580px\" \/><figcaption class=\"wp-element-caption\">Vestige d&rsquo;une fen\u00eatre romane [XIII\u00e8me-XIV\u00e8me]<\/figcaption><\/figure>\n\n\n\n<figure class=\"wp-block-image size-large\"><img loading=\"lazy\" decoding=\"async\" width=\"1024\" height=\"1024\" data-id=\"325\" src=\"https:\/\/www.chateaudecombret.fr\/wp-content\/uploads\/2025\/08\/Combret_baie_geminee-1024x1024.jpg\" alt=\"\" class=\"wp-image-325\" srcset=\"https:\/\/www.chateaudecombret.fr\/wp-content\/uploads\/2025\/08\/Combret_baie_geminee-1024x1024.jpg 1024w, https:\/\/www.chateaudecombret.fr\/wp-content\/uploads\/2025\/08\/Combret_baie_geminee-300x300.jpg 300w, https:\/\/www.chateaudecombret.fr\/wp-content\/uploads\/2025\/08\/Combret_baie_geminee-150x150.jpg 150w, https:\/\/www.chateaudecombret.fr\/wp-content\/uploads\/2025\/08\/Combret_baie_geminee-768x768.jpg 768w, https:\/\/www.chateaudecombret.fr\/wp-content\/uploads\/2025\/08\/Combret_baie_geminee-1536x1536.jpg 1536w, https:\/\/www.chateaudecombret.fr\/wp-content\/uploads\/2025\/08\/Combret_baie_geminee-100x100.jpg 100w, https:\/\/www.chateaudecombret.fr\/wp-content\/uploads\/2025\/08\/Combret_baie_geminee.jpg 1702w\" sizes=\"auto, (max-width: 767px) 89vw, (max-width: 1000px) 54vw, (max-width: 1071px) 543px, 580px\" \/><figcaption class=\"wp-element-caption\">Vestiges d&rsquo;une baie g\u00e9min\u00e9e en plein-cintre [XIII\u00e8me-XIV\u00e8me]<\/figcaption><\/figure>\n\n\n\n<figure class=\"wp-block-image size-large\"><img loading=\"lazy\" decoding=\"async\" width=\"1024\" height=\"1024\" data-id=\"149\" src=\"https:\/\/www.chateaudecombret.fr\/wp-content\/uploads\/2025\/08\/12B471DEB796972EF045A3B66838E809-1024x1024.jpeg\" alt=\"\" class=\"wp-image-149\" srcset=\"https:\/\/www.chateaudecombret.fr\/wp-content\/uploads\/2025\/08\/12B471DEB796972EF045A3B66838E809-1024x1024.jpeg 1024w, https:\/\/www.chateaudecombret.fr\/wp-content\/uploads\/2025\/08\/12B471DEB796972EF045A3B66838E809-300x300.jpeg 300w, https:\/\/www.chateaudecombret.fr\/wp-content\/uploads\/2025\/08\/12B471DEB796972EF045A3B66838E809-150x150.jpeg 150w, https:\/\/www.chateaudecombret.fr\/wp-content\/uploads\/2025\/08\/12B471DEB796972EF045A3B66838E809-768x768.jpeg 768w, https:\/\/www.chateaudecombret.fr\/wp-content\/uploads\/2025\/08\/12B471DEB796972EF045A3B66838E809-1536x1536.jpeg 1536w, https:\/\/www.chateaudecombret.fr\/wp-content\/uploads\/2025\/08\/12B471DEB796972EF045A3B66838E809-100x100.jpeg 100w, https:\/\/www.chateaudecombret.fr\/wp-content\/uploads\/2025\/08\/12B471DEB796972EF045A3B66838E809.jpeg 2033w\" sizes=\"auto, (max-width: 767px) 89vw, (max-width: 1000px) 54vw, (max-width: 1071px) 543px, 580px\" \/><figcaption class=\"wp-element-caption\">Crois\u00e9e du Grand Salon [XVI\u00e8me] &#8211; R\u00e9novation<\/figcaption><\/figure>\n\n\n\n<figure class=\"wp-block-image size-large\"><img loading=\"lazy\" decoding=\"async\" width=\"768\" height=\"1024\" data-id=\"148\" src=\"https:\/\/www.chateaudecombret.fr\/wp-content\/uploads\/2025\/08\/IMG_7858-768x1024.jpeg\" alt=\"Main sur un soleil ardent\" class=\"wp-image-148\" srcset=\"https:\/\/www.chateaudecombret.fr\/wp-content\/uploads\/2025\/08\/IMG_7858-768x1024.jpeg 768w, https:\/\/www.chateaudecombret.fr\/wp-content\/uploads\/2025\/08\/IMG_7858-225x300.jpeg 225w, https:\/\/www.chateaudecombret.fr\/wp-content\/uploads\/2025\/08\/IMG_7858-1152x1536.jpeg 1152w, https:\/\/www.chateaudecombret.fr\/wp-content\/uploads\/2025\/08\/IMG_7858-1536x2048.jpeg 1536w, https:\/\/www.chateaudecombret.fr\/wp-content\/uploads\/2025\/08\/IMG_7858-scaled.jpeg 1920w\" sizes=\"auto, (max-width: 767px) 89vw, (max-width: 1000px) 54vw, (max-width: 1071px) 543px, 580px\" \/><figcaption class=\"wp-element-caption\">Pilastre de la terrasse [XVII\u00e8me]<\/figcaption><\/figure>\n\n\n\n<figure class=\"wp-block-image size-large\"><img loading=\"lazy\" decoding=\"async\" width=\"1024\" height=\"1024\" data-id=\"175\" src=\"https:\/\/www.chateaudecombret.fr\/wp-content\/uploads\/2025\/08\/BGQS7861-1024x1024.jpeg\" alt=\"\" class=\"wp-image-175\" srcset=\"https:\/\/www.chateaudecombret.fr\/wp-content\/uploads\/2025\/08\/BGQS7861-1024x1024.jpeg 1024w, https:\/\/www.chateaudecombret.fr\/wp-content\/uploads\/2025\/08\/BGQS7861-300x300.jpeg 300w, https:\/\/www.chateaudecombret.fr\/wp-content\/uploads\/2025\/08\/BGQS7861-150x150.jpeg 150w, https:\/\/www.chateaudecombret.fr\/wp-content\/uploads\/2025\/08\/BGQS7861-768x768.jpeg 768w, https:\/\/www.chateaudecombret.fr\/wp-content\/uploads\/2025\/08\/BGQS7861-1536x1536.jpeg 1536w, https:\/\/www.chateaudecombret.fr\/wp-content\/uploads\/2025\/08\/BGQS7861-2048x2048.jpeg 2048w, https:\/\/www.chateaudecombret.fr\/wp-content\/uploads\/2025\/08\/BGQS7861-100x100.jpeg 100w\" sizes=\"auto, (max-width: 767px) 89vw, (max-width: 1000px) 54vw, (max-width: 1071px) 543px, 580px\" \/><figcaption class=\"wp-element-caption\">Toit du donjon<br>[refait XIX\u00e8me]<\/figcaption><\/figure>\n\n\n\n<figure class=\"wp-block-image size-large\"><img loading=\"lazy\" decoding=\"async\" width=\"1024\" height=\"768\" data-id=\"567\" src=\"https:\/\/www.chateaudecombret.fr\/wp-content\/uploads\/2025\/08\/Combret_du_Nord_08_2025-1024x768.jpg\" alt=\"\" class=\"wp-image-567\" srcset=\"https:\/\/www.chateaudecombret.fr\/wp-content\/uploads\/2025\/08\/Combret_du_Nord_08_2025-1024x768.jpg 1024w, https:\/\/www.chateaudecombret.fr\/wp-content\/uploads\/2025\/08\/Combret_du_Nord_08_2025-300x225.jpg 300w, https:\/\/www.chateaudecombret.fr\/wp-content\/uploads\/2025\/08\/Combret_du_Nord_08_2025-768x576.jpg 768w, https:\/\/www.chateaudecombret.fr\/wp-content\/uploads\/2025\/08\/Combret_du_Nord_08_2025-1536x1152.jpg 1536w, https:\/\/www.chateaudecombret.fr\/wp-content\/uploads\/2025\/08\/Combret_du_Nord_08_2025-2048x1536.jpg 2048w\" sizes=\"auto, (max-width: 767px) 89vw, (max-width: 1000px) 54vw, (max-width: 1071px) 543px, 580px\" \/><figcaption class=\"wp-element-caption\">Vue sur les toitures<\/figcaption><\/figure>\n<\/figure>\n\n\n\n<p><\/p>\n","protected":false},"excerpt":{"rendered":"<p>Combret garde des signes des \u00e9volutions et embellissements successifs : &#8211; Corps de logis et donjon \u00e9rig\u00e9s au XIII\u00e8me si\u00e8cle &#8211; Ouverture de crois\u00e9es [et demi crois\u00e9es] fin XVI\u00e8me si\u00e8cle par Hugues de Caulet &#8211; Construction d\u2019une terrasse au XVII\u00e8me si\u00e8cle par Jean de Tullier et son \u00e9pouse Madeleine de Maynard [\u00ab&nbsp;Main sur un soleil &hellip; <\/p>\n<p class=\"link-more\"><a href=\"https:\/\/www.chateaudecombret.fr\/index.php\/morceaux-choisis\/\" class=\"more-link\">Continuer la lecture<span class=\"screen-reader-text\"> de &laquo;&nbsp;Pierres et lauzes&nbsp;&raquo;<\/span><\/a><\/p>\n","protected":false},"author":1,"featured_media":0,"parent":0,"menu_order":0,"comment_status":"closed","ping_status":"closed","template":"","meta":{"footnotes":""},"class_list":["post-145","page","type-page","status-publish","hentry"],"_links":{"self":[{"href":"https:\/\/www.chateaudecombret.fr\/index.php\/wp-json\/wp\/v2\/pages\/145","targetHints":{"allow":["GET"]}}],"collection":[{"href":"https:\/\/www.chateaudecombret.fr\/index.php\/wp-json\/wp\/v2\/pages"}],"about":[{"href":"https:\/\/www.chateaudecombret.fr\/index.php\/wp-json\/wp\/v2\/types\/page"}],"author":[{"embeddable":true,"href":"https:\/\/www.chateaudecombret.fr\/index.php\/wp-json\/wp\/v2\/users\/1"}],"replies":[{"embeddable":true,"href":"https:\/\/www.chateaudecombret.fr\/index.php\/wp-json\/wp\/v2\/comments?post=145"}],"version-history":[{"count":30,"href":"https:\/\/www.chateaudecombret.fr\/index.php\/wp-json\/wp\/v2\/pages\/145\/revisions"}],"predecessor-version":[{"id":570,"href":"https:\/\/www.chateaudecombret.fr\/index.php\/wp-json\/wp\/v2\/pages\/145\/revisions\/570"}],"wp:attachment":[{"href":"https:\/\/www.chateaudecombret.fr\/index.php\/wp-json\/wp\/v2\/media?parent=145"}],"curies":[{"name":"wp","href":"https:\/\/api.w.org\/{rel}","templated":true}]}}

<p>Combret garde des signes des évolutions et embellissements successifs :</p>



<p>&#8211; Corps de logis et donjon érigés au XIIIème siècle</p>



<p>&#8211; Ouverture de croisées [et demi croisées] fin XVIème siècle par Hugues de Caulet</p>



<p>&#8211; Construction d’une terrasse au XVIIème siècle par Jean de Tullier et son épouse Madeleine de Maynard [«&nbsp;<em>Main sur un soleil ardent</em>&nbsp;»] sur laquelle figure leurs armoiries</p>



<p>&#8211; Rehaussement des échauguettes dans la deuxième moitié du XIXème siècle</p>



<figure class="wp-block-gallery has-nested-images columns-default is-cropped wp-block-gallery-1 is-layout-flex wp-block-gallery-is-layout-flex">
<figure class="wp-block-image size-large"><img loading="lazy" decoding="async" width="768" height="1024" data-id="147" src="https://www.chateaudecombret.fr/wp-content/uploads/2025/08/IMG_7857-768x1024.jpeg" alt="Tête de bélier sous la trompe de l’echauguette Sud" class="wp-image-147" srcset="https://www.chateaudecombret.fr/wp-content/uploads/2025/08/IMG_7857-768x1024.jpeg 768w, https://www.chateaudecombret.fr/wp-content/uploads/2025/08/IMG_7857-225x300.jpeg 225w, https://www.chateaudecombret.fr/wp-content/uploads/2025/08/IMG_7857-1152x1536.jpeg 1152w, https://www.chateaudecombret.fr/wp-content/uploads/2025/08/IMG_7857-1536x2048.jpeg 1536w, https://www.chateaudecombret.fr/wp-content/uploads/2025/08/IMG_7857-scaled.jpeg 1920w" sizes="auto, (max-width: 767px) 89vw, (max-width: 1000px) 54vw, (max-width: 1071px) 543px, 580px" /><figcaption class="wp-element-caption">Tête de bélier sous la trompe d’une échauguette</figcaption></figure>



<figure class="wp-block-image size-large"><img loading="lazy" decoding="async" width="1024" height="1024" data-id="327" src="https://www.chateaudecombret.fr/wp-content/uploads/2025/08/Combret_arche_romane-1024x1024.jpg" alt="" class="wp-image-327" srcset="https://www.chateaudecombret.fr/wp-content/uploads/2025/08/Combret_arche_romane-1024x1024.jpg 1024w, https://www.chateaudecombret.fr/wp-content/uploads/2025/08/Combret_arche_romane-300x300.jpg 300w, https://www.chateaudecombret.fr/wp-content/uploads/2025/08/Combret_arche_romane-150x150.jpg 150w, https://www.chateaudecombret.fr/wp-content/uploads/2025/08/Combret_arche_romane-768x768.jpg 768w, https://www.chateaudecombret.fr/wp-content/uploads/2025/08/Combret_arche_romane-1536x1536.jpg 1536w, https://www.chateaudecombret.fr/wp-content/uploads/2025/08/Combret_arche_romane-2048x2048.jpg 2048w, https://www.chateaudecombret.fr/wp-content/uploads/2025/08/Combret_arche_romane-100x100.jpg 100w" sizes="auto, (max-width: 767px) 89vw, (max-width: 1000px) 54vw, (max-width: 1071px) 543px, 580px" /><figcaption class="wp-element-caption">Vestige d&rsquo;une fenêtre romane [XIIIème-XIVème]</figcaption></figure>



<figure class="wp-block-image size-large"><img loading="lazy" decoding="async" width="1024" height="1024" data-id="325" src="https://www.chateaudecombret.fr/wp-content/uploads/2025/08/Combret_baie_geminee-1024x1024.jpg" alt="" class="wp-image-325" srcset="https://www.chateaudecombret.fr/wp-content/uploads/2025/08/Combret_baie_geminee-1024x1024.jpg 1024w, https://www.chateaudecombret.fr/wp-content/uploads/2025/08/Combret_baie_geminee-300x300.jpg 300w, https://www.chateaudecombret.fr/wp-content/uploads/2025/08/Combret_baie_geminee-150x150.jpg 150w, https://www.chateaudecombret.fr/wp-content/uploads/2025/08/Combret_baie_geminee-768x768.jpg 768w, https://www.chateaudecombret.fr/wp-content/uploads/2025/08/Combret_baie_geminee-1536x1536.jpg 1536w, https://www.chateaudecombret.fr/wp-content/uploads/2025/08/Combret_baie_geminee-100x100.jpg 100w, https://www.chateaudecombret.fr/wp-content/uploads/2025/08/Combret_baie_geminee.jpg 1702w" sizes="auto, (max-width: 767px) 89vw, (max-width: 1000px) 54vw, (max-width: 1071px) 543px, 580px" /><figcaption class="wp-element-caption">Vestiges d&rsquo;une baie géminée en plein-cintre [XIIIème-XIVème]</figcaption></figure>



<figure class="wp-block-image size-large"><img loading="lazy" decoding="async" width="1024" height="1024" data-id="149" src="https://www.chateaudecombret.fr/wp-content/uploads/2025/08/12B471DEB796972EF045A3B66838E809-1024x1024.jpeg" alt="" class="wp-image-149" srcset="https://www.chateaudecombret.fr/wp-content/uploads/2025/08/12B471DEB796972EF045A3B66838E809-1024x1024.jpeg 1024w, https://www.chateaudecombret.fr/wp-content/uploads/2025/08/12B471DEB796972EF045A3B66838E809-300x300.jpeg 300w, https://www.chateaudecombret.fr/wp-content/uploads/2025/08/12B471DEB796972EF045A3B66838E809-150x150.jpeg 150w, https://www.chateaudecombret.fr/wp-content/uploads/2025/08/12B471DEB796972EF045A3B66838E809-768x768.jpeg 768w, https://www.chateaudecombret.fr/wp-content/uploads/2025/08/12B471DEB796972EF045A3B66838E809-1536x1536.jpeg 1536w, https://www.chateaudecombret.fr/wp-content/uploads/2025/08/12B471DEB796972EF045A3B66838E809-100x100.jpeg 100w, https://www.chateaudecombret.fr/wp-content/uploads/2025/08/12B471DEB796972EF045A3B66838E809.jpeg 2033w" sizes="auto, (max-width: 767px) 89vw, (max-width: 1000px) 54vw, (max-width: 1071px) 543px, 580px" /><figcaption class="wp-element-caption">Croisée du Grand Salon [XVIème] &#8211; Rénovation</figcaption></figure>



<figure class="wp-block-image size-large"><img loading="lazy" decoding="async" width="768" height="1024" data-id="148" src="https://www.chateaudecombret.fr/wp-content/uploads/2025/08/IMG_7858-768x1024.jpeg" alt="Main sur un soleil ardent" class="wp-image-148" srcset="https://www.chateaudecombret.fr/wp-content/uploads/2025/08/IMG_7858-768x1024.jpeg 768w, https://www.chateaudecombret.fr/wp-content/uploads/2025/08/IMG_7858-225x300.jpeg 225w, https://www.chateaudecombret.fr/wp-content/uploads/2025/08/IMG_7858-1152x1536.jpeg 1152w, https://www.chateaudecombret.fr/wp-content/uploads/2025/08/IMG_7858-1536x2048.jpeg 1536w, https://www.chateaudecombret.fr/wp-content/uploads/2025/08/IMG_7858-scaled.jpeg 1920w" sizes="auto, (max-width: 767px) 89vw, (max-width: 1000px) 54vw, (max-width: 1071px) 543px, 580px" /><figcaption class="wp-element-caption">Pilastre de la terrasse [XVIIème]</figcaption></figure>



<figure class="wp-block-image size-large"><img loading="lazy" decoding="async" width="1024" height="1024" data-id="175" src="https://www.chateaudecombret.fr/wp-content/uploads/2025/08/BGQS7861-1024x1024.jpeg" alt="" class="wp-image-175" srcset="https://www.chateaudecombret.fr/wp-content/uploads/2025/08/BGQS7861-1024x1024.jpeg 1024w, https://www.chateaudecombret.fr/wp-content/uploads/2025/08/BGQS7861-300x300.jpeg 300w, https://www.chateaudecombret.fr/wp-content/uploads/2025/08/BGQS7861-150x150.jpeg 150w, https://www.chateaudecombret.fr/wp-content/uploads/2025/08/BGQS7861-768x768.jpeg 768w, https://www.chateaudecombret.fr/wp-content/uploads/2025/08/BGQS7861-1536x1536.jpeg 1536w, https://www.chateaudecombret.fr/wp-content/uploads/2025/08/BGQS7861-2048x2048.jpeg 2048w, https://www.chateaudecombret.fr/wp-content/uploads/2025/08/BGQS7861-100x100.jpeg 100w" sizes="auto, (max-width: 767px) 89vw, (max-width: 1000px) 54vw, (max-width: 1071px) 543px, 580px" /><figcaption class="wp-element-caption">Toit du donjon<br>[refait XIXème]</figcaption></figure>



<figure class="wp-block-image size-large"><img loading="lazy" decoding="async" width="1024" height="768" data-id="567" src="https://www.chateaudecombret.fr/wp-content/uploads/2025/08/Combret_du_Nord_08_2025-1024x768.jpg" alt="" class="wp-image-567" srcset="https://www.chateaudecombret.fr/wp-content/uploads/2025/08/Combret_du_Nord_08_2025-1024x768.jpg 1024w, https://www.chateaudecombret.fr/wp-content/uploads/2025/08/Combret_du_Nord_08_2025-300x225.jpg 300w, https://www.chateaudecombret.fr/wp-content/uploads/2025/08/Combret_du_Nord_08_2025-768x576.jpg 768w, https://www.chateaudecombret.fr/wp-content/uploads/2025/08/Combret_du_Nord_08_2025-1536x1152.jpg 1536w, https://www.chateaudecombret.fr/wp-content/uploads/2025/08/Combret_du_Nord_08_2025-2048x1536.jpg 2048w" sizes="auto, (max-width: 767px) 89vw, (max-width: 1000px) 54vw, (max-width: 1071px) 543px, 580px" /><figcaption class="wp-element-caption">Vue sur les toitures</figcaption></figure>
</figure>



<p></p>

<p>Combret garde des signes des évolutions et embellissements successifs : &#8211; Corps de logis et donjon érigés au XIIIème siècle &#8211; Ouverture de croisées [et demi croisées] fin XVIème siècle par Hugues de Caulet &#8211; Construction d’une terrasse au XVIIème siècle par Jean de Tullier et son épouse Madeleine de Maynard [«&nbsp;Main sur un soleil &hellip; </p>
<p class="link-more"><a href="https://www.chateaudecombret.fr/index.php/morceaux-choisis/" class="more-link">Continuer la lecture<span class="screen-reader-text"> de &laquo;&nbsp;Pierres et lauzes&nbsp;&raquo;</span></a></p>
