{"id":210,"date":"2025-08-07T20:32:25","date_gmt":"2025-08-07T18:32:25","guid":{"rendered":"http:\/\/www.chateaudecombret.fr\/?page_id=210"},"modified":"2026-03-26T15:37:02","modified_gmt":"2026-03-26T13:37:02","slug":"vitraux","status":"publish","type":"page","link":"https:\/\/www.chateaudecombret.fr\/index.php\/vitraux\/","title":{"rendered":"Vitraux"},"content":{"rendered":"\n<p>H\u00e9ritier de Combret en 1889 \u00e0 21 ans,&nbsp;<strong><a href=\"https:\/\/www.chateaudecombret.fr\/index.php\/christian-dyzarn-freisseinet-1868-1935\/\" data-type=\"page\" data-id=\"250\">Christian d\u2019Yzarn de Freissinet<\/a><\/strong>&nbsp;[1868-1935], futur <strong>Marquis de Valady<\/strong>, y entreprend de nombreux travaux parmi lesquels la mise en valeur et en lumi\u00e8re de l\u2019escalier rampe sur rampe.<\/p>\n\n\n\n<p>Lorsqu\u2019il \u00e9pouse <strong>Marie-Louise-Eug\u00e9nie de Foucaud et d&rsquo;Aure<\/strong> en 1891 les murs du Grand Escalier sont d\u00e9cor\u00e9s de leur chiffres Y et F.<\/p>\n\n\n\n<p>En 1892 il confie au peintre verrier ruth\u00e9nois \u00a0<strong>Laurent Th\u00e9otime Lachaize<\/strong>\u00a0le soin de r\u00e9aliser les vitraux pour les crois\u00e9es du Grand Escalier. Il expose ce faisant les alliances illustres de leurs deux familles parmi lesquelles celles avec les <a href=\"https:\/\/gw.geneanet.org\/lecolle?lang=fr&amp;n=de+scorailles+roussille&amp;p=jeanne+marie+elisabeth\"><strong>Scorailles Roussille<\/strong><\/a> et les <a href=\"https:\/\/gw.geneanet.org\/lecolle?lang=fr&amp;n=de+secondat+de+montesquieu&amp;p=jacqueline+marie+jeanne+elisabeth+suzanne\"><strong>S\u00e9condat de Montesquieu<\/strong><\/a>.\u00a0Les dates correspondent aux ann\u00e9es des alliances.<\/p>\n\n\n\n<figure class=\"wp-block-image size-large\"><img loading=\"lazy\" decoding=\"async\" width=\"1024\" height=\"709\" src=\"https:\/\/www.chateaudecombret.fr\/wp-content\/uploads\/2026\/02\/1892-Armoiries-Vitraux_2_N1-1024x709.jpg\" alt=\"\" class=\"wp-image-622\" srcset=\"https:\/\/www.chateaudecombret.fr\/wp-content\/uploads\/2026\/02\/1892-Armoiries-Vitraux_2_N1-1024x709.jpg 1024w, https:\/\/www.chateaudecombret.fr\/wp-content\/uploads\/2026\/02\/1892-Armoiries-Vitraux_2_N1-300x208.jpg 300w, https:\/\/www.chateaudecombret.fr\/wp-content\/uploads\/2026\/02\/1892-Armoiries-Vitraux_2_N1-768x532.jpg 768w, https:\/\/www.chateaudecombret.fr\/wp-content\/uploads\/2026\/02\/1892-Armoiries-Vitraux_2_N1-1536x1063.jpg 1536w, https:\/\/www.chateaudecombret.fr\/wp-content\/uploads\/2026\/02\/1892-Armoiries-Vitraux_2_N1-2048x1418.jpg 2048w\" sizes=\"auto, (max-width: 767px) 89vw, (max-width: 1000px) 54vw, (max-width: 1071px) 543px, 580px\" \/><\/figure>\n\n\n\n<figure class=\"wp-block-image size-large\"><img loading=\"lazy\" decoding=\"async\" width=\"1024\" height=\"709\" src=\"https:\/\/www.chateaudecombret.fr\/wp-content\/uploads\/2026\/02\/1892-Armoiries-Vitraux_2_N_interm-1024x709.jpg\" alt=\"\" class=\"wp-image-621\" srcset=\"https:\/\/www.chateaudecombret.fr\/wp-content\/uploads\/2026\/02\/1892-Armoiries-Vitraux_2_N_interm-1024x709.jpg 1024w, https:\/\/www.chateaudecombret.fr\/wp-content\/uploads\/2026\/02\/1892-Armoiries-Vitraux_2_N_interm-300x208.jpg 300w, https:\/\/www.chateaudecombret.fr\/wp-content\/uploads\/2026\/02\/1892-Armoiries-Vitraux_2_N_interm-768x532.jpg 768w, https:\/\/www.chateaudecombret.fr\/wp-content\/uploads\/2026\/02\/1892-Armoiries-Vitraux_2_N_interm-1536x1063.jpg 1536w, https:\/\/www.chateaudecombret.fr\/wp-content\/uploads\/2026\/02\/1892-Armoiries-Vitraux_2_N_interm-2048x1418.jpg 2048w\" sizes=\"auto, (max-width: 767px) 89vw, (max-width: 1000px) 54vw, (max-width: 1071px) 543px, 580px\" \/><\/figure>\n\n\n\n<figure class=\"wp-block-image size-large\"><img loading=\"lazy\" decoding=\"async\" width=\"1024\" height=\"709\" src=\"https:\/\/www.chateaudecombret.fr\/wp-content\/uploads\/2026\/02\/1892-Armoiries-Vitraux_2_N2-1-1024x709.jpg\" alt=\"\" class=\"wp-image-620\" style=\"aspect-ratio:1.4442844706355054\" srcset=\"https:\/\/www.chateaudecombret.fr\/wp-content\/uploads\/2026\/02\/1892-Armoiries-Vitraux_2_N2-1-1024x709.jpg 1024w, https:\/\/www.chateaudecombret.fr\/wp-content\/uploads\/2026\/02\/1892-Armoiries-Vitraux_2_N2-1-300x208.jpg 300w, https:\/\/www.chateaudecombret.fr\/wp-content\/uploads\/2026\/02\/1892-Armoiries-Vitraux_2_N2-1-768x532.jpg 768w, https:\/\/www.chateaudecombret.fr\/wp-content\/uploads\/2026\/02\/1892-Armoiries-Vitraux_2_N2-1-1536x1063.jpg 1536w, https:\/\/www.chateaudecombret.fr\/wp-content\/uploads\/2026\/02\/1892-Armoiries-Vitraux_2_N2-1-2048x1418.jpg 2048w\" sizes=\"auto, (max-width: 767px) 89vw, (max-width: 1000px) 54vw, (max-width: 1071px) 543px, 580px\" \/><\/figure>\n\n\n\n<p>LTL \u25b6\ufe0f signature du peintre verrier ruth\u00e9nois &nbsp;<strong>Laurent Th\u00e9otime Lachaize<\/strong>&nbsp;[1842-1905]<\/p>\n\n\n\n<figure class=\"wp-block-image size-full\"><img loading=\"lazy\" decoding=\"async\" width=\"1010\" height=\"545\" src=\"https:\/\/www.chateaudecombret.fr\/wp-content\/uploads\/2025\/08\/IMG_1667.jpeg\" alt=\"\" class=\"wp-image-218\" srcset=\"https:\/\/www.chateaudecombret.fr\/wp-content\/uploads\/2025\/08\/IMG_1667.jpeg 1010w, https:\/\/www.chateaudecombret.fr\/wp-content\/uploads\/2025\/08\/IMG_1667-300x162.jpeg 300w, https:\/\/www.chateaudecombret.fr\/wp-content\/uploads\/2025\/08\/IMG_1667-768x414.jpeg 768w\" sizes=\"auto, (max-width: 767px) 89vw, (max-width: 1000px) 54vw, (max-width: 1071px) 543px, 580px\" \/><\/figure>\n","protected":false},"excerpt":{"rendered":"<p>H\u00e9ritier de Combret en 1889 \u00e0 21 ans,&nbsp;Christian d\u2019Yzarn de Freissinet&nbsp;[1868-1935], futur Marquis de Valady, y entreprend de nombreux travaux parmi lesquels la mise en valeur et en lumi\u00e8re de l\u2019escalier rampe sur rampe. Lorsqu\u2019il \u00e9pouse Marie-Louise-Eug\u00e9nie de Foucaud et d&rsquo;Aure en 1891 les murs du Grand Escalier sont d\u00e9cor\u00e9s de leur chiffres Y et &hellip; <\/p>\n<p class=\"link-more\"><a href=\"https:\/\/www.chateaudecombret.fr\/index.php\/vitraux\/\" class=\"more-link\">Continuer la lecture<span class=\"screen-reader-text\"> de &laquo;&nbsp;Vitraux&nbsp;&raquo;<\/span><\/a><\/p>\n","protected":false},"author":1,"featured_media":0,"parent":0,"menu_order":0,"comment_status":"closed","ping_status":"closed","template":"","meta":{"footnotes":""},"class_list":["post-210","page","type-page","status-publish","hentry"],"_links":{"self":[{"href":"https:\/\/www.chateaudecombret.fr\/index.php\/wp-json\/wp\/v2\/pages\/210","targetHints":{"allow":["GET"]}}],"collection":[{"href":"https:\/\/www.chateaudecombret.fr\/index.php\/wp-json\/wp\/v2\/pages"}],"about":[{"href":"https:\/\/www.chateaudecombret.fr\/index.php\/wp-json\/wp\/v2\/types\/page"}],"author":[{"embeddable":true,"href":"https:\/\/www.chateaudecombret.fr\/index.php\/wp-json\/wp\/v2\/users\/1"}],"replies":[{"embeddable":true,"href":"https:\/\/www.chateaudecombret.fr\/index.php\/wp-json\/wp\/v2\/comments?post=210"}],"version-history":[{"count":25,"href":"https:\/\/www.chateaudecombret.fr\/index.php\/wp-json\/wp\/v2\/pages\/210\/revisions"}],"predecessor-version":[{"id":628,"href":"https:\/\/www.chateaudecombret.fr\/index.php\/wp-json\/wp\/v2\/pages\/210\/revisions\/628"}],"wp:attachment":[{"href":"https:\/\/www.chateaudecombret.fr\/index.php\/wp-json\/wp\/v2\/media?parent=210"}],"curies":[{"name":"wp","href":"https:\/\/api.w.org\/{rel}","templated":true}]}}

<p>Héritier de Combret en 1889 à 21 ans,&nbsp;<strong><a href="https://www.chateaudecombret.fr/index.php/christian-dyzarn-freisseinet-1868-1935/" data-type="page" data-id="250">Christian d’Yzarn de Freissinet</a></strong>&nbsp;[1868-1935], futur <strong>Marquis de Valady</strong>, y entreprend de nombreux travaux parmi lesquels la mise en valeur et en lumière de l’escalier rampe sur rampe.</p>



<p>Lorsqu’il épouse <strong>Marie-Louise-Eugénie de Foucaud et d&rsquo;Aure</strong> en 1891 les murs du Grand Escalier sont décorés de leur chiffres Y et F.</p>



<p>En 1892 il confie au peintre verrier ruthénois  <strong>Laurent Théotime Lachaize</strong> le soin de réaliser les vitraux pour les croisées du Grand Escalier. Il expose ce faisant les alliances illustres de leurs deux familles parmi lesquelles celles avec les <a href="https://gw.geneanet.org/lecolle?lang=fr&amp;n=de+scorailles+roussille&amp;p=jeanne+marie+elisabeth"><strong>Scorailles Roussille</strong></a> et les <a href="https://gw.geneanet.org/lecolle?lang=fr&amp;n=de+secondat+de+montesquieu&amp;p=jacqueline+marie+jeanne+elisabeth+suzanne"><strong>Sécondat de Montesquieu</strong></a>. Les dates correspondent aux années des alliances.</p>



<figure class="wp-block-image size-large"><img loading="lazy" decoding="async" width="1024" height="709" src="https://www.chateaudecombret.fr/wp-content/uploads/2026/02/1892-Armoiries-Vitraux_2_N1-1024x709.jpg" alt="" class="wp-image-622" srcset="https://www.chateaudecombret.fr/wp-content/uploads/2026/02/1892-Armoiries-Vitraux_2_N1-1024x709.jpg 1024w, https://www.chateaudecombret.fr/wp-content/uploads/2026/02/1892-Armoiries-Vitraux_2_N1-300x208.jpg 300w, https://www.chateaudecombret.fr/wp-content/uploads/2026/02/1892-Armoiries-Vitraux_2_N1-768x532.jpg 768w, https://www.chateaudecombret.fr/wp-content/uploads/2026/02/1892-Armoiries-Vitraux_2_N1-1536x1063.jpg 1536w, https://www.chateaudecombret.fr/wp-content/uploads/2026/02/1892-Armoiries-Vitraux_2_N1-2048x1418.jpg 2048w" sizes="auto, (max-width: 767px) 89vw, (max-width: 1000px) 54vw, (max-width: 1071px) 543px, 580px" /></figure>



<figure class="wp-block-image size-large"><img loading="lazy" decoding="async" width="1024" height="709" src="https://www.chateaudecombret.fr/wp-content/uploads/2026/02/1892-Armoiries-Vitraux_2_N_interm-1024x709.jpg" alt="" class="wp-image-621" srcset="https://www.chateaudecombret.fr/wp-content/uploads/2026/02/1892-Armoiries-Vitraux_2_N_interm-1024x709.jpg 1024w, https://www.chateaudecombret.fr/wp-content/uploads/2026/02/1892-Armoiries-Vitraux_2_N_interm-300x208.jpg 300w, https://www.chateaudecombret.fr/wp-content/uploads/2026/02/1892-Armoiries-Vitraux_2_N_interm-768x532.jpg 768w, https://www.chateaudecombret.fr/wp-content/uploads/2026/02/1892-Armoiries-Vitraux_2_N_interm-1536x1063.jpg 1536w, https://www.chateaudecombret.fr/wp-content/uploads/2026/02/1892-Armoiries-Vitraux_2_N_interm-2048x1418.jpg 2048w" sizes="auto, (max-width: 767px) 89vw, (max-width: 1000px) 54vw, (max-width: 1071px) 543px, 580px" /></figure>



<figure class="wp-block-image size-large"><img loading="lazy" decoding="async" width="1024" height="709" src="https://www.chateaudecombret.fr/wp-content/uploads/2026/02/1892-Armoiries-Vitraux_2_N2-1-1024x709.jpg" alt="" class="wp-image-620" style="aspect-ratio:1.4442844706355054" srcset="https://www.chateaudecombret.fr/wp-content/uploads/2026/02/1892-Armoiries-Vitraux_2_N2-1-1024x709.jpg 1024w, https://www.chateaudecombret.fr/wp-content/uploads/2026/02/1892-Armoiries-Vitraux_2_N2-1-300x208.jpg 300w, https://www.chateaudecombret.fr/wp-content/uploads/2026/02/1892-Armoiries-Vitraux_2_N2-1-768x532.jpg 768w, https://www.chateaudecombret.fr/wp-content/uploads/2026/02/1892-Armoiries-Vitraux_2_N2-1-1536x1063.jpg 1536w, https://www.chateaudecombret.fr/wp-content/uploads/2026/02/1892-Armoiries-Vitraux_2_N2-1-2048x1418.jpg 2048w" sizes="auto, (max-width: 767px) 89vw, (max-width: 1000px) 54vw, (max-width: 1071px) 543px, 580px" /></figure>



<p>LTL ▶️ signature du peintre verrier ruthénois &nbsp;<strong>Laurent Théotime Lachaize</strong>&nbsp;[1842-1905]</p>



<figure class="wp-block-image size-full"><img loading="lazy" decoding="async" width="1010" height="545" src="https://www.chateaudecombret.fr/wp-content/uploads/2025/08/IMG_1667.jpeg" alt="" class="wp-image-218" srcset="https://www.chateaudecombret.fr/wp-content/uploads/2025/08/IMG_1667.jpeg 1010w, https://www.chateaudecombret.fr/wp-content/uploads/2025/08/IMG_1667-300x162.jpeg 300w, https://www.chateaudecombret.fr/wp-content/uploads/2025/08/IMG_1667-768x414.jpeg 768w" sizes="auto, (max-width: 767px) 89vw, (max-width: 1000px) 54vw, (max-width: 1071px) 543px, 580px" /></figure>

<p>Héritier de Combret en 1889 à 21 ans,&nbsp;Christian d’Yzarn de Freissinet&nbsp;[1868-1935], futur Marquis de Valady, y entreprend de nombreux travaux parmi lesquels la mise en valeur et en lumière de l’escalier rampe sur rampe. Lorsqu’il épouse Marie-Louise-Eugénie de Foucaud et d&rsquo;Aure en 1891 les murs du Grand Escalier sont décorés de leur chiffres Y et &hellip; </p>
<p class="link-more"><a href="https://www.chateaudecombret.fr/index.php/vitraux/" class="more-link">Continuer la lecture<span class="screen-reader-text"> de &laquo;&nbsp;Vitraux&nbsp;&raquo;</span></a></p>
