{"id":250,"date":"2025-08-13T21:49:03","date_gmt":"2025-08-13T19:49:03","guid":{"rendered":"http:\/\/www.chateaudecombret.fr\/?page_id=250"},"modified":"2025-09-13T19:53:49","modified_gmt":"2025-09-13T17:53:49","slug":"christian-dyzarn-freisseinet-1868-1935","status":"publish","type":"page","link":"https:\/\/www.chateaudecombret.fr\/index.php\/christian-dyzarn-freisseinet-1868-1935\/","title":{"rendered":"Christian d&rsquo;Yzarn de Freissinet de Valady [1868-1935]"},"content":{"rendered":"<div class=\"wp-block-image\">\n<figure class=\"aligncenter size-full\"><img loading=\"lazy\" decoding=\"async\" width=\"549\" height=\"400\" src=\"https:\/\/www.chateaudecombret.fr\/wp-content\/uploads\/2025\/08\/cdv_jeune.jpg\" alt=\"\" class=\"wp-image-255\" srcset=\"https:\/\/www.chateaudecombret.fr\/wp-content\/uploads\/2025\/08\/cdv_jeune.jpg 549w, https:\/\/www.chateaudecombret.fr\/wp-content\/uploads\/2025\/08\/cdv_jeune-300x219.jpg 300w\" sizes=\"auto, (max-width: 549px) 100vw, 549px\" \/><\/figure>\n<\/div>\n\n\n<p class=\"has-text-align-center\"><strong>Christian d&rsquo;Yzarn de Freissinet<\/strong> <strong>de<\/strong> <strong>Valady [1868-1935]<\/strong><\/p>\n\n\n\n<p class=\"has-text-align-left\"><br>Passionn\u00e9 par l&rsquo;histoire du Rouergue <strong>Christian d&rsquo;Yzarn de Freissinet de Valady<\/strong> [1868-1935], huiti\u00e8me Marquis de Valady, consacrera sa vie \u00e0 deux \u0153uvres majeures dont l&rsquo;une est l&rsquo;<strong><em>histoire de la famille d&rsquo;Yzarn-Freissinet-Valady<\/em><\/strong> pr\u00e9sente en Rouergue de mani\u00e8re attest\u00e9e \u00e0 compter du XIII\u00e8me si\u00e8cle. C&rsquo;est \u00e0 Combret, dans la \u00ab\u00a0<em>salle des archives<\/em>\u00a0\u00bb au sommet du donjon, qu&rsquo;il exploitera et classera minutieusement les archives familiales dont certaines datent des croisades [les armes de <strong>Pierre<\/strong> <strong>d\u2019IZARN<\/strong> figurent dans la <a href=\"https:\/\/fr.wikipedia.org\/wiki\/Chevaliers_et_crois\u00e9s_du_Rouergue#Troisi\u00e8me_salle\"><strong><em>troisi\u00e8me Salle des Croisades<\/em><\/strong><\/a> du Ch\u00e2teau de Versailles proches de celles de <strong>Dalmas de VEZIN<\/strong>]. Ces archives ont \u00e9t\u00e9 confi\u00e9es \u00e0 la <strong><em><a href=\"https:\/\/www.societedeslettresaveyron.fr\">Soci\u00e9t\u00e9 des Lettres de l&rsquo;Aveyron<\/a><\/em><\/strong> \u00e0 Rodez au d\u00e9but des ann\u00e9es 2000.<\/p>\n\n\n\n<p>Mais le travail qui fera passer <strong>Christian d&rsquo;Yzarn-Freissinet<\/strong> \u00e0 la post\u00e9rit\u00e9 est celui qu&rsquo;il consacrera \u00e0 \u00e9crire l&rsquo;<strong><em><a href=\"https:\/\/gallica.bnf.fr\/ark:\/12148\/bpt6k325395c\">Histoire des Ch\u00e2teaux de l&rsquo;Ancien Rouergue<\/a><\/em><\/strong>, \u0153uvre en 4 tomes dont le troisi\u00e8me posthume et le quatri\u00e8me inachev\u00e9, \u00e0 l&rsquo;\u00e9tat de manuscrit, a malheureusement disparu.<br>Il confiera \u00e0 <a href=\"https:\/\/fr.wikipedia.org\/wiki\/Renaud_de_Vezins\"><strong><em>Renaud de Vezins<\/em><\/strong><\/a> [1882-1932] la r\u00e9alisation des eaux fortes qui illustrent le premier Tome<\/p>\n\n\n\n<p>&#8211; 1927 &#8211; Tome I &#8211; Canton de S\u00e9verac<\/p>\n\n\n\n<p>&#8211; 1935 &#8211; Tome II &#8211; La Basse-Marche I &#8211; Cantons de Najac, Rieupeyroux, Saint Antonin<\/p>\n\n\n\n<p>&#8211; 1961 &#8211; Tome III &#8211; La Basse-Marche II &#8211; Cantons de Villefranche, Villeneuve<\/p>\n\n\n\n<p>&#8211; xxx &#8211; Tome IV &#8211; <em>Inachev\u00e9, \u00e0 l&rsquo;\u00e9tat de manuscrit, disparu<\/em><\/p>\n\n\n\n<p>C&rsquo;est \u00e0 Combret qui lui \u00e9tait si cher qu&rsquo;il parach\u00e8ve le premier Tome de cette \u0153uvre en octobre 1926 ; il la d\u00e9die \u00e0 son neveu <strong>Henry<\/strong> <strong>d&rsquo;Yzarn-Freissinet<\/strong>, septi\u00e8me Marquis de Valady, mort pour la France le 11 juin 1918 \u00e0 <strong><a href=\"https:\/\/fr.wikipedia.org\/wiki\/M\u00e9licocq#Premi\u00e8re_Guerre_mondiale\"><em>M\u00e9licoq<\/em><\/a><\/strong> (Oise).<\/p>\n\n\n\n<div class=\"wp-block-columns is-layout-flex wp-container-core-columns-is-layout-9d6595d7 wp-block-columns-is-layout-flex\">\n<div class=\"wp-block-column is-layout-flow wp-block-column-is-layout-flow\" style=\"flex-basis:100%\">\n<figure class=\"wp-block-gallery has-nested-images columns-default is-cropped wp-block-gallery-1 is-layout-flex wp-block-gallery-is-layout-flex\">\n<figure class=\"wp-block-image size-large\"><img loading=\"lazy\" decoding=\"async\" width=\"768\" height=\"1024\" data-id=\"264\" src=\"https:\/\/www.chateaudecombret.fr\/wp-content\/uploads\/2025\/08\/Chateaux_Ancien_Rouergue_CdV_Tome_1_dedicace_p1_ok-768x1024.jpg\" alt=\"\" class=\"wp-image-264\" srcset=\"https:\/\/www.chateaudecombret.fr\/wp-content\/uploads\/2025\/08\/Chateaux_Ancien_Rouergue_CdV_Tome_1_dedicace_p1_ok-768x1024.jpg 768w, https:\/\/www.chateaudecombret.fr\/wp-content\/uploads\/2025\/08\/Chateaux_Ancien_Rouergue_CdV_Tome_1_dedicace_p1_ok-225x300.jpg 225w, https:\/\/www.chateaudecombret.fr\/wp-content\/uploads\/2025\/08\/Chateaux_Ancien_Rouergue_CdV_Tome_1_dedicace_p1_ok-1152x1536.jpg 1152w, https:\/\/www.chateaudecombret.fr\/wp-content\/uploads\/2025\/08\/Chateaux_Ancien_Rouergue_CdV_Tome_1_dedicace_p1_ok-1536x2048.jpg 1536w, https:\/\/www.chateaudecombret.fr\/wp-content\/uploads\/2025\/08\/Chateaux_Ancien_Rouergue_CdV_Tome_1_dedicace_p1_ok-scaled.jpg 1920w\" sizes=\"auto, (max-width: 767px) 89vw, (max-width: 1000px) 54vw, (max-width: 1071px) 543px, 580px\" \/><\/figure>\n\n\n\n<figure class=\"wp-block-image size-large\"><img loading=\"lazy\" decoding=\"async\" width=\"775\" height=\"1024\" data-id=\"265\" src=\"https:\/\/www.chateaudecombret.fr\/wp-content\/uploads\/2025\/08\/Chateaux_Ancien_Rouergue_CdV_Tome_1_dedicace_p2_ok-775x1024.jpg\" alt=\"\" class=\"wp-image-265\" srcset=\"https:\/\/www.chateaudecombret.fr\/wp-content\/uploads\/2025\/08\/Chateaux_Ancien_Rouergue_CdV_Tome_1_dedicace_p2_ok-775x1024.jpg 775w, https:\/\/www.chateaudecombret.fr\/wp-content\/uploads\/2025\/08\/Chateaux_Ancien_Rouergue_CdV_Tome_1_dedicace_p2_ok-227x300.jpg 227w, https:\/\/www.chateaudecombret.fr\/wp-content\/uploads\/2025\/08\/Chateaux_Ancien_Rouergue_CdV_Tome_1_dedicace_p2_ok-768x1014.jpg 768w, https:\/\/www.chateaudecombret.fr\/wp-content\/uploads\/2025\/08\/Chateaux_Ancien_Rouergue_CdV_Tome_1_dedicace_p2_ok-1163x1536.jpg 1163w, https:\/\/www.chateaudecombret.fr\/wp-content\/uploads\/2025\/08\/Chateaux_Ancien_Rouergue_CdV_Tome_1_dedicace_p2_ok-1551x2048.jpg 1551w, https:\/\/www.chateaudecombret.fr\/wp-content\/uploads\/2025\/08\/Chateaux_Ancien_Rouergue_CdV_Tome_1_dedicace_p2_ok-scaled.jpg 1938w\" sizes=\"auto, (max-width: 767px) 89vw, (max-width: 1000px) 54vw, (max-width: 1071px) 543px, 580px\" \/><\/figure>\n<\/figure>\n<\/div>\n<\/div>\n","protected":false},"excerpt":{"rendered":"<p>Christian d&rsquo;Yzarn de Freissinet de Valady [1868-1935] Passionn\u00e9 par l&rsquo;histoire du Rouergue Christian d&rsquo;Yzarn de Freissinet de Valady [1868-1935], huiti\u00e8me Marquis de Valady, consacrera sa vie \u00e0 deux \u0153uvres majeures dont l&rsquo;une est l&rsquo;histoire de la famille d&rsquo;Yzarn-Freissinet-Valady pr\u00e9sente en Rouergue de mani\u00e8re attest\u00e9e \u00e0 compter du XIII\u00e8me si\u00e8cle. C&rsquo;est \u00e0 Combret, dans la \u00ab\u00a0salle &hellip; <\/p>\n<p class=\"link-more\"><a href=\"https:\/\/www.chateaudecombret.fr\/index.php\/christian-dyzarn-freisseinet-1868-1935\/\" class=\"more-link\">Continuer la lecture<span class=\"screen-reader-text\"> de &laquo;&nbsp;Christian d&rsquo;Yzarn de Freissinet de Valady [1868-1935]&nbsp;&raquo;<\/span><\/a><\/p>\n","protected":false},"author":1,"featured_media":0,"parent":0,"menu_order":0,"comment_status":"closed","ping_status":"closed","template":"","meta":{"footnotes":""},"class_list":["post-250","page","type-page","status-publish","hentry"],"_links":{"self":[{"href":"https:\/\/www.chateaudecombret.fr\/index.php\/wp-json\/wp\/v2\/pages\/250","targetHints":{"allow":["GET"]}}],"collection":[{"href":"https:\/\/www.chateaudecombret.fr\/index.php\/wp-json\/wp\/v2\/pages"}],"about":[{"href":"https:\/\/www.chateaudecombret.fr\/index.php\/wp-json\/wp\/v2\/types\/page"}],"author":[{"embeddable":true,"href":"https:\/\/www.chateaudecombret.fr\/index.php\/wp-json\/wp\/v2\/users\/1"}],"replies":[{"embeddable":true,"href":"https:\/\/www.chateaudecombret.fr\/index.php\/wp-json\/wp\/v2\/comments?post=250"}],"version-history":[{"count":36,"href":"https:\/\/www.chateaudecombret.fr\/index.php\/wp-json\/wp\/v2\/pages\/250\/revisions"}],"predecessor-version":[{"id":583,"href":"https:\/\/www.chateaudecombret.fr\/index.php\/wp-json\/wp\/v2\/pages\/250\/revisions\/583"}],"wp:attachment":[{"href":"https:\/\/www.chateaudecombret.fr\/index.php\/wp-json\/wp\/v2\/media?parent=250"}],"curies":[{"name":"wp","href":"https:\/\/api.w.org\/{rel}","templated":true}]}}

<div class="wp-block-image">
<figure class="aligncenter size-full"><img loading="lazy" decoding="async" width="549" height="400" src="https://www.chateaudecombret.fr/wp-content/uploads/2025/08/cdv_jeune.jpg" alt="" class="wp-image-255" srcset="https://www.chateaudecombret.fr/wp-content/uploads/2025/08/cdv_jeune.jpg 549w, https://www.chateaudecombret.fr/wp-content/uploads/2025/08/cdv_jeune-300x219.jpg 300w" sizes="auto, (max-width: 549px) 100vw, 549px" /></figure>
</div>


<p class="has-text-align-center"><strong>Christian d&rsquo;Yzarn de Freissinet</strong> <strong>de</strong> <strong>Valady [1868-1935]</strong></p>



<p class="has-text-align-left"><br>Passionné par l&rsquo;histoire du Rouergue <strong>Christian d&rsquo;Yzarn de Freissinet de Valady</strong> [1868-1935], huitième Marquis de Valady, consacrera sa vie à deux œuvres majeures dont l&rsquo;une est l&rsquo;<strong><em>histoire de la famille d&rsquo;Yzarn-Freissinet-Valady</em></strong> présente en Rouergue de manière attestée à compter du XIIIème siècle. C&rsquo;est à Combret, dans la « <em>salle des archives</em> » au sommet du donjon, qu&rsquo;il exploitera et classera minutieusement les archives familiales dont certaines datent des croisades [les armes de <strong>Pierre</strong> <strong>d’IZARN</strong> figurent dans la <a href="https://fr.wikipedia.org/wiki/Chevaliers_et_croisés_du_Rouergue#Troisième_salle"><strong><em>troisième Salle des Croisades</em></strong></a> du Château de Versailles proches de celles de <strong>Dalmas de VEZIN</strong>]. Ces archives ont été confiées à la <strong><em><a href="https://www.societedeslettresaveyron.fr">Société des Lettres de l&rsquo;Aveyron</a></em></strong> à Rodez au début des années 2000.</p>



<p>Mais le travail qui fera passer <strong>Christian d&rsquo;Yzarn-Freissinet</strong> à la postérité est celui qu&rsquo;il consacrera à écrire l&rsquo;<strong><em><a href="https://gallica.bnf.fr/ark:/12148/bpt6k325395c">Histoire des Châteaux de l&rsquo;Ancien Rouergue</a></em></strong>, œuvre en 4 tomes dont le troisième posthume et le quatrième inachevé, à l&rsquo;état de manuscrit, a malheureusement disparu.<br>Il confiera à <a href="https://fr.wikipedia.org/wiki/Renaud_de_Vezins"><strong><em>Renaud de Vezins</em></strong></a> [1882-1932] la réalisation des eaux fortes qui illustrent le premier Tome</p>



<p>&#8211; 1927 &#8211; Tome I &#8211; Canton de Séverac</p>



<p>&#8211; 1935 &#8211; Tome II &#8211; La Basse-Marche I &#8211; Cantons de Najac, Rieupeyroux, Saint Antonin</p>



<p>&#8211; 1961 &#8211; Tome III &#8211; La Basse-Marche II &#8211; Cantons de Villefranche, Villeneuve</p>



<p>&#8211; xxx &#8211; Tome IV &#8211; <em>Inachevé, à l&rsquo;état de manuscrit, disparu</em></p>



<p>C&rsquo;est à Combret qui lui était si cher qu&rsquo;il parachève le premier Tome de cette œuvre en octobre 1926 ; il la dédie à son neveu <strong>Henry</strong> <strong>d&rsquo;Yzarn-Freissinet</strong>, septième Marquis de Valady, mort pour la France le 11 juin 1918 à <strong><a href="https://fr.wikipedia.org/wiki/Mélicocq#Première_Guerre_mondiale"><em>Mélicoq</em></a></strong> (Oise).</p>



<div class="wp-block-columns is-layout-flex wp-container-core-columns-is-layout-9d6595d7 wp-block-columns-is-layout-flex">
<div class="wp-block-column is-layout-flow wp-block-column-is-layout-flow" style="flex-basis:100%">
<figure class="wp-block-gallery has-nested-images columns-default is-cropped wp-block-gallery-1 is-layout-flex wp-block-gallery-is-layout-flex">
<figure class="wp-block-image size-large"><img loading="lazy" decoding="async" width="768" height="1024" data-id="264" src="https://www.chateaudecombret.fr/wp-content/uploads/2025/08/Chateaux_Ancien_Rouergue_CdV_Tome_1_dedicace_p1_ok-768x1024.jpg" alt="" class="wp-image-264" srcset="https://www.chateaudecombret.fr/wp-content/uploads/2025/08/Chateaux_Ancien_Rouergue_CdV_Tome_1_dedicace_p1_ok-768x1024.jpg 768w, https://www.chateaudecombret.fr/wp-content/uploads/2025/08/Chateaux_Ancien_Rouergue_CdV_Tome_1_dedicace_p1_ok-225x300.jpg 225w, https://www.chateaudecombret.fr/wp-content/uploads/2025/08/Chateaux_Ancien_Rouergue_CdV_Tome_1_dedicace_p1_ok-1152x1536.jpg 1152w, https://www.chateaudecombret.fr/wp-content/uploads/2025/08/Chateaux_Ancien_Rouergue_CdV_Tome_1_dedicace_p1_ok-1536x2048.jpg 1536w, https://www.chateaudecombret.fr/wp-content/uploads/2025/08/Chateaux_Ancien_Rouergue_CdV_Tome_1_dedicace_p1_ok-scaled.jpg 1920w" sizes="auto, (max-width: 767px) 89vw, (max-width: 1000px) 54vw, (max-width: 1071px) 543px, 580px" /></figure>



<figure class="wp-block-image size-large"><img loading="lazy" decoding="async" width="775" height="1024" data-id="265" src="https://www.chateaudecombret.fr/wp-content/uploads/2025/08/Chateaux_Ancien_Rouergue_CdV_Tome_1_dedicace_p2_ok-775x1024.jpg" alt="" class="wp-image-265" srcset="https://www.chateaudecombret.fr/wp-content/uploads/2025/08/Chateaux_Ancien_Rouergue_CdV_Tome_1_dedicace_p2_ok-775x1024.jpg 775w, https://www.chateaudecombret.fr/wp-content/uploads/2025/08/Chateaux_Ancien_Rouergue_CdV_Tome_1_dedicace_p2_ok-227x300.jpg 227w, https://www.chateaudecombret.fr/wp-content/uploads/2025/08/Chateaux_Ancien_Rouergue_CdV_Tome_1_dedicace_p2_ok-768x1014.jpg 768w, https://www.chateaudecombret.fr/wp-content/uploads/2025/08/Chateaux_Ancien_Rouergue_CdV_Tome_1_dedicace_p2_ok-1163x1536.jpg 1163w, https://www.chateaudecombret.fr/wp-content/uploads/2025/08/Chateaux_Ancien_Rouergue_CdV_Tome_1_dedicace_p2_ok-1551x2048.jpg 1551w, https://www.chateaudecombret.fr/wp-content/uploads/2025/08/Chateaux_Ancien_Rouergue_CdV_Tome_1_dedicace_p2_ok-scaled.jpg 1938w" sizes="auto, (max-width: 767px) 89vw, (max-width: 1000px) 54vw, (max-width: 1071px) 543px, 580px" /></figure>
</figure>
</div>
</div>

<p>Christian d&rsquo;Yzarn de Freissinet de Valady [1868-1935] Passionné par l&rsquo;histoire du Rouergue Christian d&rsquo;Yzarn de Freissinet de Valady [1868-1935], huitième Marquis de Valady, consacrera sa vie à deux œuvres majeures dont l&rsquo;une est l&rsquo;histoire de la famille d&rsquo;Yzarn-Freissinet-Valady présente en Rouergue de manière attestée à compter du XIIIème siècle. C&rsquo;est à Combret, dans la « salle &hellip; </p>
<p class="link-more"><a href="https://www.chateaudecombret.fr/index.php/christian-dyzarn-freisseinet-1868-1935/" class="more-link">Continuer la lecture<span class="screen-reader-text"> de &laquo;&nbsp;Christian d&rsquo;Yzarn de Freissinet de Valady [1868-1935]&nbsp;&raquo;</span></a></p>
