{"id":274,"date":"2025-08-13T22:00:07","date_gmt":"2025-08-13T20:00:07","guid":{"rendered":"http:\/\/www.chateaudecombret.fr\/?page_id=274"},"modified":"2025-08-13T22:00:55","modified_gmt":"2025-08-13T20:00:55","slug":"quelques-personnages","status":"publish","type":"page","link":"https:\/\/www.chateaudecombret.fr\/index.php\/quelques-personnages\/","title":{"rendered":"Quelques personnages"},"content":{"rendered":"\n<p>De nombreux propri\u00e9taires se sont succ\u00e9d\u00e9s depuis que le <strong>Ch\u00e2teau de Combret<\/strong> s\u2019est progressivement \u00e9lev\u00e9 sur les hauteurs du Cr\u00e9neau, \u00e0 quelques hectom\u00e8tres du <strong><a href=\"https:\/\/www.chateaudebeaucaire.fr\/\">Ch\u00e2teau de Beaucaire<\/a><\/strong>. Combret et Beaucaire figurent aujourd\u2019hui sur le blason de <a href=\"https:\/\/www.nauviale.fr\/\"><strong>Nauviale<\/strong><\/a>.<\/p>\n\n\n\n<p>Certains ont marqu\u00e9 de leur engagement l\u2019histoire du <strong><a href=\"https:\/\/fr.m.wikipedia.org\/wiki\/Vallon_de_Marcillac\">vallon de Marcillac<\/a><\/strong>, celle du <strong><a href=\"https:\/\/fr.m.wikipedia.org\/wiki\/Rouergue\">Rouergue<\/a><\/strong> voire la grande Histoire. En voici trois : <\/p>\n\n\n\n<p><a href=\"https:\/\/www.chateaudecombret.fr\/index.php\/sample-page\/\" data-type=\"page\" data-id=\"2\"><strong><em>Jean-Hilarion de Viguier de Gru<\/em><\/strong>n<\/a> [1732-1809] propri\u00e9taire de Combret de 1779 \u00e0 1809<\/p>\n\n\n\n<p><strong>Henriette de Viguier de Grun<\/strong> [1791-1881] propri\u00e9taire de Combret de 1809 \u00e0 1881<\/p>\n\n\n\n<p><strong><em><a href=\"https:\/\/www.chateaudecombret.fr\/index.php\/christian-dyzarn-freisseinet-1868-1935\/\" data-type=\"page\" data-id=\"250\">Christian d\u2019Yzarn de Freissinet de Valady<\/a><\/em><\/strong> [1868-1935] propri\u00e9taire de Combret de 1881 [sous tutelle] \u00e0 1935<\/p>\n\n\n\n<p><\/p>\n","protected":false},"excerpt":{"rendered":"<p>De nombreux propri\u00e9taires se sont succ\u00e9d\u00e9s depuis que le Ch\u00e2teau de Combret s\u2019est progressivement \u00e9lev\u00e9 sur les hauteurs du Cr\u00e9neau, \u00e0 quelques hectom\u00e8tres du Ch\u00e2teau de Beaucaire. Combret et Beaucaire figurent aujourd\u2019hui sur le blason de Nauviale. Certains ont marqu\u00e9 de leur engagement l\u2019histoire du vallon de Marcillac, celle du Rouergue voire la grande Histoire. &hellip; <\/p>\n<p class=\"link-more\"><a href=\"https:\/\/www.chateaudecombret.fr\/index.php\/quelques-personnages\/\" class=\"more-link\">Continuer la lecture<span class=\"screen-reader-text\"> de &laquo;&nbsp;Quelques personnages&nbsp;&raquo;<\/span><\/a><\/p>\n","protected":false},"author":1,"featured_media":0,"parent":0,"menu_order":0,"comment_status":"closed","ping_status":"closed","template":"","meta":{"footnotes":""},"class_list":["post-274","page","type-page","status-publish","hentry"],"_links":{"self":[{"href":"https:\/\/www.chateaudecombret.fr\/index.php\/wp-json\/wp\/v2\/pages\/274","targetHints":{"allow":["GET"]}}],"collection":[{"href":"https:\/\/www.chateaudecombret.fr\/index.php\/wp-json\/wp\/v2\/pages"}],"about":[{"href":"https:\/\/www.chateaudecombret.fr\/index.php\/wp-json\/wp\/v2\/types\/page"}],"author":[{"embeddable":true,"href":"https:\/\/www.chateaudecombret.fr\/index.php\/wp-json\/wp\/v2\/users\/1"}],"replies":[{"embeddable":true,"href":"https:\/\/www.chateaudecombret.fr\/index.php\/wp-json\/wp\/v2\/comments?post=274"}],"version-history":[{"count":8,"href":"https:\/\/www.chateaudecombret.fr\/index.php\/wp-json\/wp\/v2\/pages\/274\/revisions"}],"predecessor-version":[{"id":309,"href":"https:\/\/www.chateaudecombret.fr\/index.php\/wp-json\/wp\/v2\/pages\/274\/revisions\/309"}],"wp:attachment":[{"href":"https:\/\/www.chateaudecombret.fr\/index.php\/wp-json\/wp\/v2\/media?parent=274"}],"curies":[{"name":"wp","href":"https:\/\/api.w.org\/{rel}","templated":true}]}}

<p>De nombreux propriétaires se sont succédés depuis que le <strong>Château de Combret</strong> s’est progressivement élevé sur les hauteurs du Créneau, à quelques hectomètres du <strong><a href="https://www.chateaudebeaucaire.fr/">Château de Beaucaire</a></strong>. Combret et Beaucaire figurent aujourd’hui sur le blason de <a href="https://www.nauviale.fr/"><strong>Nauviale</strong></a>.</p>



<p>Certains ont marqué de leur engagement l’histoire du <strong><a href="https://fr.m.wikipedia.org/wiki/Vallon_de_Marcillac">vallon de Marcillac</a></strong>, celle du <strong><a href="https://fr.m.wikipedia.org/wiki/Rouergue">Rouergue</a></strong> voire la grande Histoire. En voici trois : </p>



<p><a href="https://www.chateaudecombret.fr/index.php/sample-page/" data-type="page" data-id="2"><strong><em>Jean-Hilarion de Viguier de Gru</em></strong>n</a> [1732-1809] propriétaire de Combret de 1779 à 1809</p>



<p><strong>Henriette de Viguier de Grun</strong> [1791-1881] propriétaire de Combret de 1809 à 1881</p>



<p><strong><em><a href="https://www.chateaudecombret.fr/index.php/christian-dyzarn-freisseinet-1868-1935/" data-type="page" data-id="250">Christian d’Yzarn de Freissinet de Valady</a></em></strong> [1868-1935] propriétaire de Combret de 1881 [sous tutelle] à 1935</p>



<p></p>

<p>De nombreux propriétaires se sont succédés depuis que le Château de Combret s’est progressivement élevé sur les hauteurs du Créneau, à quelques hectomètres du Château de Beaucaire. Combret et Beaucaire figurent aujourd’hui sur le blason de Nauviale. Certains ont marqué de leur engagement l’histoire du vallon de Marcillac, celle du Rouergue voire la grande Histoire. &hellip; </p>
<p class="link-more"><a href="https://www.chateaudecombret.fr/index.php/quelques-personnages/" class="more-link">Continuer la lecture<span class="screen-reader-text"> de &laquo;&nbsp;Quelques personnages&nbsp;&raquo;</span></a></p>
